factors of i(-2)?
13
Let g(s) = 27*s + 39. What are the prime factors of g(7)?
2, 3, 19
Let z(a) = a**2 - 2*a + 39. Let t be z(0). Let s = t + -5. List the prime factors of s.
2, 17
What are the prime factors of 4 + 0 + (2 + -3)*-217?
13, 17
Let x = 25 - 13. What are the prime factors of x?
2, 3
Suppose -3*l = 5*p - 1745, p = 3*l + 354 + 13. What are the prime factors of p?
2, 11
Let u = -245 - -357. What are the prime factors of u?
2, 7
Let o(q) = -20*q**3 - q - 1. Let c be o(-1). Suppose -4*b - 82 = -98. Suppose 5*j + b*l = 67, 0*j = -j - 3*l + c. List the prime factors of j.
11
Let d(s) = 4*s + 10. List the prime factors of d(11).
2, 3
Let n(c) be the third derivative of -1/6*c**3 - 1/120*c**6 + c**2 + 0 + 1/6*c**4 - 1/60*c**5 + 0*c. What are the prime factors of n(-3)?
5
Suppose -52 = 4*h - 168. List the prime factors of h.
29
Let p(y) be the first derivative of 13*y**2/2 - y + 4. Let a be p(1). Suppose 2*h = -0*h + a. What are the prime factors of h?
2, 3
List the prime factors of (-2)/(-11) - (5 - (-2245)/(-55)).
2, 3
Suppose -5*k + 154 = 4*u, k - 46 = -0*k + 3*u. Suppose 6*p = 3*p + 5*y + k, 0 = -4*p + 5*y + 37. Let i = p + 4. What are the prime factors of i?
7
Suppose -3*j - 6 = -0*j. List the prime factors of (j/4)/(2/(-212)).
53
Let i = 0 + -2. What are the prime factors of (4/2)/(i/(-8))?
2
Let i(o) = -o**3 + 3*o + 2. Let g = -3 - -1. Let x be i(g). Suppose 0 = 2*u + 6, 5*m + 6 = x*m - 4*u. List the prime factors of m.
2, 3
Suppose 2*d + 3*d - 45 = 0. Suppose -4*b + 13 = 5*v, d = 4*b + 3*v - 10. What are the prime factors of b?
7
Let z = -1 + 4. Suppose 0 = z*j - j - 18. Let c = -2 + j. What are the prime factors of c?
7
Let g be (-1)/(-4) + 83/4. Suppose 5*j - g = -6. What are the prime factors of 1 + (j + -5 - -8)?
7
Let o be (-294)/(-12) + 2/4. Let h = -13 + o. List the prime factors of h.
2, 3
Let f(b) = -b + 3*b**2 - 7*b**2 + 6*b**2 - 1. Let o(x) = -x**2 + 2*x + 5. Let k be o(4). What are the prime factors of f(k)?
2, 5
Suppose 2*j + 0*i + 3*i = 74, j - 37 = -2*i. List the prime factors of j.
37
Suppose -t - s + 85 = 3*t, -t = 4*s - 10. Let d = t - 14. What are the prime factors of d?
2
Suppose 2*i - 37 = -0*c + c, 4*i - 73 = c. Suppose -i = -3*x - 3*m, -x + 6*x - 2*m - 58 = 0. List the prime factors of x.
2, 5
Let q be 20/((1 + 1)/(-2)). Let c = 38 + q. Let w = 29 - c. What are the prime factors of w?
11
Suppose 8*j = 5*j + 2*n - 182, -302 = 5*j - 4*n. Let k = j - -99. What are the prime factors of k?
37
Let u = -8 + 48. List the prime factors of u.
2, 5
Let a = 6 - 8. List the prime factors of (-92)/a - (-4 + 3).
47
Let v(l) = -32*l**3 - l**2 - 2*l - 1. Suppose 17 = -5*j - 3*s, 2*j - 7*s = -2*s + 18. What are the prime factors of v(j)?
2
Suppose -2*w - 58 = -3*i, w + 4*w - 80 = -5*i. List the prime factors of i.
2, 3
Let d = 98 - 57. Suppose m - 2*x + d = 4*m, -3*m + 3*x = -36. Suppose 4*l - m - 16 = -3*r, 3*l - 5*r - 29 = 0. What are the prime factors of l?
2
Suppose 0 = 4*i - 1 - 39. List the prime factors of 146/5 - i/50.
29
Let q = 87 + 24. What are the prime factors of q?
3, 37
Let f = 234 - 136. What are the prime factors of f?
2, 7
Let t(j) = 5*j**2 - j + 2. Suppose -4*d = 5*p - 17, -5*p = d + 8 - 31. What are the prime factors of t(d)?
2, 3
Suppose -c = 4*f - 128, 22 + 117 = 5*f - 4*c. Let h = -3 + f. Suppose a - 38 = -5*k, -4*k = 2*a - 0*a - h. List the prime factors of k.
2
Suppose 0*c - 5*c + 151 = -3*u, 4*u = 5*c - 148. Suppose 0 = 2*h - 0*h + 46. Let t = c + h. What are the prime factors of t?
3
Let x(z) = -z**3 - z**2 - z + 1. Let j(p) = -4*p**3 + 2*p**2 - p + 2. Let d(n) = j(n) - 3*x(n). What are the prime factors of d(5)?
3
Let c(p) = 5*p**2 + 3*p + 2. List the prime factors of c(-3).
2, 19
Let k(f) = 11*f**2 + f. Suppose x + 9 = -5*g - 8, 3*g = -3*x - 27. Let u = 6 + x. What are the prime factors of k(u)?
2, 5
Suppose 5*r - 25 = 0, 0 = 4*y - 3*r + r + 2. Let s be (2 - 3/y)*4. Suppose k + 5*m - 19 = 7*m, 4*k - 46 = s*m. What are the prime factors of k?
3
Suppose 65 = 2*r - 9. What are the prime factors of r?
37
Suppose 4*x - 100 = -2*o, -4*o = -o + 6. Suppose -31 - x = -3*d. List the prime factors of d.
19
Let j be 0 + 4 + 4/(-2). Suppose -j*h = -4*y + 30, -h + 5*h + 10 = -2*y. Suppose -p + 15 = y. List the prime factors of p.
2, 5
Let h(m) = m**3 - 13*m**2 - 20*m + 1. List the prime factors of h(15).
151
Let d(s) = 2*s**3 + 19*s**2 - 2*s - 11. List the prime factors of d(-8).
197
Let n(h) = h**2 + 2*h + 7. Let r = 3 - 10. Let m be n(r). Let j = m - 27. What are the prime factors of j?
3, 5
Suppose -5*w + 0*w + 28 = 3*q, 3*q + 52 = 5*w. List the prime factors of (-1 + -13)/((-16)/w).
7
Let x = -179 - -355. List the prime factors of x.
2, 11
Let k(a) = 10*a**2 - 6*a - 3. List the prime factors of k(5).
7, 31
Suppose 5*u - 6 = 2*u. Suppose 2 = -2*j, -u*l = -4*l + j + 27. What are the prime factors of l?
13
Let p(u) be the first derivative of 11*u**2/2 - 2*u - 2. Let f be p(2). Suppose -2*r + f - 8 = -x, -4*x = r - 15. What are the prime factors of r?
7
Let c(j) = -3 - 1 + 2*j - 2. What are the prime factors of c(4)?
2
Suppose -4*k = 5*w - 6 - 3, -2*w = -2*k. Let q = w + 1. Suppose 2*c = c + q. What are the prime factors of c?
2
Suppose -4*v + 2*w + w = -65, -5*v + 5*w = -85. Let p = 62 - -12. List the prime factors of p/v - 8/28.
5
Suppose -7 = -2*h + 5*i, -3*h + 2 = -3*i - 13. Suppose o = -2*o - h. Let d = 15 - o. What are the prime factors of d?
17
Suppose 0 = -5*h + 2*a - 8, 11 + 9 = 3*h + 5*a. Let k(w) = w - 16. Let i be k(h). List the prime factors of 36/(-16)*i/6.
2, 3
Suppose 4*x = -3*a + 4, -3*x + 4 = 2*a - 0. What are the prime factors of x?
2
Let r = -12 + 21. Let l = 25 - r. List the prime factors of l.
2
Suppose 15 = -5*j + h - 14, -9 = 5*j + 4*h. Let g be (1/2)/((-4)/(-136)). Let s = g + j. What are the prime factors of s?
2, 3
Suppose 5*j - 2*q - 2*q = 23, 0 = 2*j - 3*q - 5. Suppose j*d - 90 = 5*d. List the prime factors of d.
3, 5
Let r(y) = y**3 + 10*y**2 - 10. List the prime factors of r(-8).
2, 59
Let c be ((-2)/6*0)/(-2). List the prime factors of 20 - (c + (-1 - -4)).
17
Let f(k) = k**2 - k. Let q(o) = 3*o + 1. Let v be q(1). Let z be f(v). Let x = z - 0. What are the prime factors of x?
2, 3
Suppose -74 + 3 = -c. What are the prime factors of c?
71
Suppose 15*w = 20*w - 280. What are the prime factors of w?
2, 7
Suppose -6*x + 112 = 4*j - 2*x, 0 = 3*x - 9. List the prime factors of j.
5
Let f(y) be the first derivative of -3*y**2/2 - 14*y + 6. List the prime factors of f(-10).
2
Let o = 274 - 181. Suppose 3*v - 6*v + o = 4*w, -5*v + 3*w + 126 = 0. Suppose -5*d = -2*d - v. List the prime factors of d.
3
Let a(i) = 3*i. Let f(s) = s. Let h(q) = -3*a(q) + 6*f(q). What are the prime factors of h(-3)?
3
Suppose -8*l + 100 = -3*l - 2*n, 2*n = l - 28. What are the prime factors of l?
2, 3
Let q(h) = 7*h**3 + 2*h**2 - 5*h + 6. What are the prime factors of q(3)?
2, 3, 11
Let b(w) = w**2 + 9*w + 11. What are the prime factors of b(-11)?
3, 11
Suppose -4*b = b - 10. Suppose 0 = b*r - 4. What are the prime factors of 0 - (r - 4 - 13)?
3, 5
Suppose -3*b - 2*m + 739 = 0, 3*b = -m - 2*m + 735. List the prime factors of b.
3, 83
Let l(a) = a**2 + a - 3. Let u be l(-4). What are the prime factors of -1 - (2 + -1*u)?
2, 3
Suppose -v + 2 = -5*j + 1, 0 = -3*j + v - 1. Suppose f - 4*p - 16 = j, -5*p - 80 = -5*f - p. List the prime factors of f.
2
List the prime factors of (-71)/(-3)*(1 - -2).
71
Suppose 0 = 11*c - 15*c + 400. List the prime factors of c.
2, 5
Let l be (-3)/2*(-4 + 2). Let t be 4/6*(l - 0). Suppose 0 = t*k - 7*k + 30. What are the prime factors of k?
2, 3
Let c = -7 + 10. Suppose 5 = -c*b + 29. Suppose -3*k + 44 - b = 0. List the prime factors of k.
2, 3
Let y = -18 + -13. Let r = -20 - y. List the prime factors of r.
11
Let m = -31 - -56. What are the prime factors of m?
5
Let q(f) be the third derivative of f**5/15 + f**4/8 + f**3/3 + 5*f**2. What are the prime factors of q(-2)?
2, 3
Suppose 0 = 12*x - 13*x + 25. What are the prime factors of x?
5
Let p = -1 - -4. Let f be 0/(1*-2 + p). Suppose -11 = -f*q - q. List the prime factors of q.
11
Let t(q) = -2*q + 5. Let d = 6 - 11. What are the prime factors of t(d)?
3, 5
Let b(w) = 2*w + w - 2 + 0*w + 4. Let s be b(6). Suppose 3*j = s + 4. W